.
13
Suppose 4*n + 4*t - 100 = 0, 14*n - 15*n = 2*t - 27. What is the remainder when 95 is divided by n?
3
Suppose 3 = -3*r, -r = -7*y + 3*y + 1. Suppose i + 0 + 17 = y. What is the remainder when 4/(-2) + 0 - i is divided by 4?
3
Suppose 8*a - 4*a = v + 298, 4*a + 3*v = 306. What is the remainder when a is divided by 26?
23
Let q(g) = 2*g**3 - 52*g**2 + 9*g + 27. What is the remainder when q(26) is divided by 24?
21
Suppose 4*t - 22 = -h, -4*t = 2*h + 3*h - 14. Let q = 871 + -860. What is the remainder when q is divided by t?
5
Let j = 224 - 12. Let v(t) = -7*t**3 + 2*t**2 + t. Let u be v(-1). Suppose -u*q = -10*q + j. Calculate the remainder when q is divided by 27.
25
Let x = -150 + 170. Calculate the remainder when 27 is divided by x.
7
Let z be 942/(-18) + (-4)/6. What is the remainder when 16 is divided by z/(-11) - ((-344)/(-44) + -8)?
1
Suppose 50 = -5*n + 20. Let o be (n/8)/((-15)/40). Suppose -3*b + 67 = 4*s, -7*s + o*s + 84 = 4*b. Calculate the remainder when 31 is divided by s.
15
Suppose -5*m + 4*u + 7 = -430, 5*u - 366 = -4*m. What is the remainder when m is divided by 5?
4
Let a(v) = 9*v**2 - 2*v - 1. Let j(h) = -5*h - 21 + 21*h - 5*h. What is the remainder when j(5) is divided by a(-1)?
4
Let d = -43 + 45. Suppose 0 = d*c - u - 3*u - 56, -5*u + 65 = 2*c. What is the remainder when 147 is divided by c?
27
Suppose d = -5*t + 45, -3*t = 7*d - 3*d - 95. What is the remainder when d is divided by 6?
2
Let j(g) = g**3 - 12*g**2 + 17*g - 4. What is the remainder when j(11) is divided by 42?
20
Let x(i) = -i**2 + 25*i - 41. What is the remainder when 6 is divided by x(23)?
1
Calculate the remainder when 51 + (-7 + 5)*-1 is divided by 25.
3
Suppose 5*p - 86 = -4*l + 78, p = -3*l + 134. What is the remainder when 228 is divided by l?
44
Calculate the remainder when 45 is divided by (95 - 61) + (-9 - 1).
21
Suppose 16*b = 43*b - 945. Let u = -16 + -3. Let k = 0 - u. Calculate the remainder when b is divided by k.
16
Calculate the remainder when 279 is divided by (-4)/(4/(-51)) - (-25 - -29).
44
Suppose -10*r + 2 = -18. What is the remainder when 22*(28/8 - r) is divided by 5?
3
Suppose -2*v + 3*a + 288 = -93, -v + 204 = 3*a. What is the remainder when v is divided by 66?
63
Let r(o) = 3*o**2 - 1. Let i be r(1). Suppose -5*y + 181 = i*a, -a + 0*a + 143 = 4*y. Let h = -9 - -21. What is the remainder when y is divided by h?
11
Let n(q) = q**2 - 20*q + 109. What is the remainder when 36 is divided by n(12)?
10
Let b = 1690 - 1668. Let f(d) = d**3 - d + 107. Calculate the remainder when f(0) is divided by b.
19
Let a = 1223 - 664. Calculate the remainder when a is divided by 20.
19
Suppose -2*y + 41255 = 35*y. Calculate the remainder when y is divided by 112.
107
Let r(v) = -v + 6. Let m = 132 + -46. Calculate the remainder when m is divided by r(-5).
9
Suppose -2*y = -d - 103, 4*d - 2*y + 321 = d. What is the remainder when 69 is divided by d/(-3) + (-6)/18?
33
Suppose 0 = 2*u + 4*h - 50, -h = -3*h - 4. What is the remainder when 57 is divided by u?
28
Let v(l) = -l**2 + 9*l - 14. Let o be v(6). Suppose 7*b - 2*b - 414 = -o*m, 2*b + 501 = 5*m. Calculate the remainder when m is divided by 35.
31
What is the remainder when ((-3)/(-1) - 26)*-1 is divided by 15/5 - (-3 + 0)?
5
Suppose 5*f + 2879 = 2889. Let l(y) = -14*y + 1. Let v be l(-1). Let x = v + -10. What is the remainder when x is divided by f?
1
Suppose 5*y = -0 - 40. Let o = y + 20. What is the remainder when 57 is divided by o?
9
Let w(u) = -2*u**3 - 3*u**2 - u + 31. Calculate the remainder when w(0) is divided by 13.
5
Let p be 0 - (2 + -4) - 0. Suppose -16 = -p*x - 0. Let g(z) = z + 7. What is the remainder when g(x) is divided by 4?
3
Let r be 10/6 + (-7475)/(-69). Let k(h) = -51*h + 8. Let c be k(-6). Suppose -c + r = -4*z. What is the remainder when z is divided by 13?
12
Let g(n) = 189*n + 2. Let s be g(-1). Let i = s + 81. Calculate the remainder when 2/(-8) + i/(-8) is divided by 8.
5
What is the remainder when 125 is divided by (7/(-2))/(-1)*(73 + -71)?
6
Suppose 3*c = t + 30, 0*t + 2*t + 87 = -3*c. Let a = t + 64. What is the remainder when 2 + -2 + -1 + 48 is divided by a?
22
Suppose 4*g = 142 + 802. What is the remainder when g is divided by 60?
56
Suppose 2*v - d - 43 = 0, -10*d = -v - 7*d + 24. Calculate the remainder when 34 is divided by v.
13
Let k be 36/24 - (-50)/(-4). Let p = k + 26. What is the remainder when p is divided by 8?
7
Suppose 404 + 64 = 36*g. Calculate the remainder when 35 is divided by g.
9
Let d = -115 - -150. What is the remainder when 65 is divided by d?
30
Let l(r) = -3*r**2 + 26*r - 21. What is the remainder when 545 is divided by l(7)?
13
Suppose 52*s = -w + 48*s + 444, 2*w - 4*s - 828 = 0. Calculate the remainder when w is divided by 88.
72
Suppose p = -n + 176 - 62, 0 = 5*n + p - 566. What is the remainder when n is divided by 40?
33
Let g(n) = 58*n - 1383. Let d(o) = 8*o - 5. What is the remainder when d(5) is divided by g(24)?
8
Let d = -2 - -6. Suppose 0 = d*b - 15 - 21. Let o(f) = 6*f**2 - 3*f + 35. What is the remainder when o(0) is divided by b?
8
Suppose g + 239*b - 4 = 238*b, -g + 2*b = -19. Calculate the remainder when g is divided by 5.
4
Let g = -131 - -200. Let v = -2 - 0. What is the remainder when g is divided by (-5 + 32)/((-3)/v)?
15
Suppose 42*r - 46*r = -340. What is the remainder when 167 is divided by r?
82
Suppose 4*l - 408*d + 412*d = 52, 7 = 4*l - 5*d. Suppose 0 = -4*i + 5*i - 119. Calculate the remainder when i is divided by l.
7
Let k(f) = f - 10. Let x be (((-68)/(-1))/(-4))/(-1). Calculate the remainder when 16 is divided by k(x).
2
Let j(v) = -v**3 + 29*v**2 + 2*v - 56. Let y = 51 + -31. Suppose 4*k - y = -0*k. What is the remainder when k is divided by j(29)?
1
Suppose -2*q = -10*q - 24. What is the remainder when 54 is divided by -3*(-2)/9 + (-19)/q?
5
Let j(h) = -h**3 + 2*h**2 + h. Let b be (-8)/(-10)*5/(-2). Let o = 19 - -6. What is the remainder when o is divided by j(b)?
11
Let c = -423 + 424. Let v(f) = -f**2 + 3*f + 5. Calculate the remainder when v(4) is divided by c.
0
Let j = -698 - -741. Calculate the remainder when 203 is divided by j.
31
What is the remainder when 37/((-185)/(-1050)) + (-7 - -2) is divided by 8?
5
Calculate the remainder when (-7237)/(-9) + (-50)/45 is divided by 13.
10
Calculate the remainder when 623 is divided by (-1045)/(-33)*((-162)/(-15))/6.
53
Let d be 1/1 + 26/13. What is the remainder when 25 is divided by ((-81)/(-12) - d)*4?
10
Suppose -177 = -4*d + 739. Let h = d + -158. Let p(k) = -k**3 - 20*k**2 + 24*k + 99. Calculate the remainder when h is divided by p(-21).
35
Suppose 3*b + b - 3*l = 55, 42 = 3*b - 3*l. Suppose 23*s - 509 - 342 = 0. Calculate the remainder when s is divided by b.
11
Suppose 6*z + 0*z = z. Let b = z - -7. What is the remainder when 90 is divided by b?
6
Suppose -5*n = -6*n - 61. Let v be n/7 - 8/28. Let q = 13 + v. What is the remainder when 9 is divided by q?
1
Calculate the remainder when 34 is divided by 6/8*336/63 - -7.
1
Let i be ((-2)/6)/((-8)/408). Suppose 280 = 7*n - 2*n. Calculate the remainder when n is divided by i - (-9)/((-18)/(-4)).
18
Let g = -199 - -202. Suppose -10 - 20 = -2*z. Suppose -7 = -3*b + g*s + 2*s, 4*b = s + z. What is the remainder when b is divided by 2?
0
Suppose -352 = -47*z + 36*z. What is the remainder when 58 is divided by z?
26
Suppose -37 + 147 = 3*t + 4*d, 0 = 3*t - 3*d - 75. Calculate the remainder when 53 is divided by t.
23
Let x(o) = -o**3 - 3*o**2 + 24*o - 18. What is the remainder when 309 is divided by x(-7)?
9
Let x(n) = -n**3 + 9*n**2 - 2*n + 20. Let d be x(9). Suppose b = -d*b + 15. Calculate the remainder when 12 is divided by b.
2
Suppose -7*b + 3*b = -16. Let g(o) = o + 2. What is the remainder when b + (-35)/5 + 55 is divided by g(9)?
8
Let n be ((-2)/(-3))/((-12)/(-90)). Suppose n*p = 3*k - 4, -2*k + 0 + 1 = -5*p. What is the remainder when 66 is divided by (-1)/((-1)/17*p)?
15
What is the remainder when 27 is divided by -45 + 41 + 42/2?
10
Calculate the remainder when 98 is divided by -4*(-2 - 152/32).
17
Let o(i) = -3*i**3 + 2*i**2 - 2. Let r = -2 - 0. Suppose -2*m - 3*y + 140 = -40, -y + 2 = 0. Calculate the remainder when m is divided by o(r).
27
Let x(n) = 2*n**2 + 2*n. What is the remainder 